t is -41 - -2053552?
2053511
In base 2, what is 110111011010111101001000110 + 101?
110111011010111101001001011
In base 4, what is 2103103000 + 21210?
2103130210
In base 4, what is 132 + -1331203?
-1331011
In base 14, what is 278c - 42?
274a
In base 15, what is 4cb5 - 9c?
4c18
In base 14, what is 401 + 31a3?
35a4
In base 4, what is 21033 + -303230031?
-303202332
In base 10, what is 6276 - -478?
6754
In base 13, what is -3b9a7 - -2?
-3b9a5
In base 4, what is 23010120123223 + -20?
23010120123203
In base 14, what is c2630 - -42?
c2672
In base 3, what is 102200100 + -110110?
102012220
In base 8, what is 12550537 - 2?
12550535
In base 10, what is 17069 + -323?
16746
In base 12, what is -3a77 + -88?
-3b43
In base 16, what is -4 - 45eea3?
-45eea7
In base 16, what is 0 + -2a8b0d?
-2a8b0d
In base 13, what is 42 - -218325?
218367
In base 5, what is -1310 + 110210343?
110204033
In base 8, what is -471443677 + 4?
-471443673
In base 13, what is 4649 + -3415?
1234
In base 2, what is -1000101 + 11011011011010010?
11011011010001101
In base 7, what is 12021343 + 255?
12021631
In base 14, what is 1c + c7c1c?
c7c3a
In base 14, what is -171c6 - 676?
-1785c
In base 7, what is -312635 - 32024?
-344662
In base 16, what is -22d - -398?
16b
In base 7, what is -22341252 + 36?
-22341213
In base 13, what is 1 - 94257?
-94256
In base 12, what is -166b - -35519?
33a6a
In base 10, what is 86861 - 8?
86853
In base 4, what is 0 - 32101200213?
-32101200213
In base 11, what is 8098331 + -1?
8098330
In base 8, what is -34 + -1562237?
-1562273
In base 16, what is 59d5ef + -2?
59d5ed
In base 9, what is 1227 + 565751?
567078
In base 13, what is 48 + -26b13?
-26a98
In base 11, what is -1 + 25280795?
25280794
In base 8, what is -101 + 15506?
15405
In base 16, what is 7cfd1b5d + -2?
7cfd1b5b
In base 4, what is -2131102312030 - -1?
-2131102312023
In base 13, what is -1058 - -68a1?
5846
In base 12, what is 6 + -1707a7?
-1707a1
In base 6, what is -1310035303 - 3?
-1310035310
In base 13, what is 1 - -171aa73?
171aa74
In base 15, what is -200 + 8258?
8058
In base 4, what is 23220100121 + 1?
23220100122
In base 9, what is 48061 - -100?
48161
In base 4, what is 2332 + -3302030012?
-3302021020
In base 15, what is -2459 - -2a7?
-21a2
In base 12, what is -6823b7 - 52?
-682449
In base 10, what is -35 + -568760?
-568795
In base 8, what is 72252640 + 4?
72252644
In base 11, what is 2 - -6a61970?
6a61972
In base 14, what is 49cb - c6?
4905
In base 9, what is 3266224 + 1?
3266225
In base 7, what is -3 - 35562421?
-35562424
In base 2, what is 11111111000101010100011 + -10111?
11111111000101010001100
In base 7, what is 0 + 511352515?
511352515
In base 4, what is 12133 - -1011303023?
1011321222
In base 12, what is -33013162 - -3?
-3301315b
In base 15, what is -31 - 3eba82?
-3ebab3
In base 5, what is 110442200231 + 10?
110442200241
In base 4, what is -103 - 110003313?
-110010022
In base 12, what is -30a470 - 309?
-30a779
In base 12, what is -15469 - 2a2a1?
-4374a
In base 6, what is 2402021 + -4205?
2353412
In base 15, what is 4cd8 + 69?
4d52
In base 8, what is 4 - 53055370?
-53055364
In base 16, what is -7808 + -1035?
-883d
In base 11, what is 32891598 - 3?
32891595
In base 13, what is 7795b7 - -17?
779601
In base 3, what is 10200 + 222112011?
222122211
In base 11, what is -469295 - 654?
-469939
In base 6, what is -3245134450 - -4?
-3245134442
In base 15, what is -46dd0a + 9d?
-46dc5c
In base 9, what is -38528107 + -14?
-38528122
In base 9, what is -217 - -244054?
243736
In base 14, what is -3 + -269837b?
-2698380
In base 8, what is 6 + 60764155?
60764163
In base 14, what is 4c421 - -cc?
4c50d
In base 15, what is -5 - -133e384?
133e37e
In base 7, what is 12104246654 - 0?
12104246654
In base 4, what is -110 + 3002121013?
3002120303
In base 15, what is 4d7480c0 + -3?
4d7480bc
In base 3, what is 20010101121111 - 22?
20010101121012
In base 14, what is -13 + 49ca46?
49ca33
In base 7, what is -626152313 - 0?
-626152313
In base 8, what is -42615 - 16462?
-61277
In base 9, what is -1204853 + 21?
-1204832
In base 14, what is 321b3c82 - 3?
321b3c7d
In base 8, what is -53113 + 155?
-52736
In base 12, what is 3 - 11595b?
-115958
In base 11, what is -5 - -92866?
92861
In base 2, what is -100000000000001 + 10011000001?
-11101101000000
In base 2, what is -100 - -10100111000010011111000?
10100111000010011110100
In base 14, what is 1972b34d + -2?
1972b34b
In base 7, what is 111353430 - 2?
111353425
In base 2, what is -100000010001001010101 - 111100?
-100000010001010010001
In base 4, what is -320 - -302313312?
302312332
In base 15, what is 13 + -178ceda?
-178cec7
In base 10, what is 16366398 - 1?
16366397
In base 11, what is 3499456 - -9?
3499464
In base 16, what is -34 + -16022?
-16056
In base 2, what is -10000111110010010001 + 1?
-10000111110010010000
In base 12, what is -8 - -550b793?
550b787
In base 15, what is 0 + -147c227?
-147c227
In base 11, what is -4a38973 + -10?
-4a38983
In base 2, what is 11100001 - 11010010011011110?
-11010001111111101
In base 16, what is -1 - 6659e2?
-6659e3
In base 13, what is 26b - 4919?
-467b
In base 4, what is 11220122021312 + 11?
11220122021323
In base 9, what is 16258754 - -31?
16258785
In base 11, what is 28326a7 - 2?
28326a5
In base 6, what is -4 - 443053000?
-443053004
In base 4, what is -211003212 + -213?
-211010031
In base 9, what is 2 - -6337223?
6337225
In base 10, what is -50 - 13893210?
-13893260
In base 5, what is 132300 - 34?
132211
In base 9, what is 6878 - -6307?
14286
In base 2, what is -1111010100010101 - 11010001000011?
-10010100101011000
In base 12, what is 1 + 3651483a?
3651483b
In base 8, what is -23 + -70761?
-71004
In base 8, what is 3262 + -1621554?
-1616272
In base 10, what is 168 + -185028?
-184860
In base 4, what is 20 - -3131021121?
3131021201
In base 14, what is 22dcb8a7 - 3?
22dcb8a4
In base 7, what is -166032130 + -2?
-166032132
In base 12, what is -44a5 + -4431?
-8916
In base 5, what is -32043310 - -2?
-32043303
In base 9, what is 6381 - 518?
5762
In base 10, what is 993980607 + 1?
993980608
In base 13, what is -23020 + 76a?
-22583
In base 7, what is 545363645 + 5?
545363653
In base 3, what is -102112 + -211022022?
-211201211
In base 4, what is 222 - -1021102302?
1021103130
In base 3, what is 21011022110111 + 0?
21011022110111
In base 12, what is -4348 - 487aa?
-50b36
In base 15, what is 21b184 + 54?
21b1d8
In base 9, what is -218432 - -308?
-218123
In base 4, what is 1011 - -1112333211?
1113000222
In base 7, what is -13016 - -1323664?
1310645
In base 6, what is -1 - 40200050141?
-40200050142
In base 12, what is 986 - 31135?
-3036b
In base 4, what is 331022100110032 + 3?
331022100110101
In base 5, what is -10 - 2400413421?
-2400413431
In base 12, what is 2397 + -2a331?
-27b56
In base 13, what is -1b43 + 1414?
-72c
In base 2, what is 100 - -101010110101110100001010?
101010110101110100001110
In base 10, what is 8750498 - -4?
8750502
In base 8, what is 134625 - -1040?
135665
In base 14, what is -71c - 77c7?
-8105
In base 16, what is -1d1ca4 + -4?
-1d1ca8
In base 10, what is -13 + -498811?
-498824
In base 16, what is -b5 - -30661?
305ac
In base 14, what is 6 - 2cbd929?
-2cbd923
In base 5, what is -20241 - -103304?
33013
In base 9, what is -543 - 1317868?
-1318522
In base 5, what is 3132 - 11302113?
-11243431
In base 7, what is -1110 - 14364?
-15504
In base 10, what is 2683806 - 0?
2683806
In base 13, what is 1 - 11483097?
-11483096
In base 10, what is -2 - -1809909?
1809907
In base 9, what is -322415 + -10?
-322425
In base 15, what is 2e + -2a4c6d?
-2a4c3e
In base 3, what is -22010 + 202112200?
202020120
In base 11, what is -28 + -21509?
-21536
In base 8, what is 56476216 + 0?
56476216
In base 4, what is -13101 + 3222012130?
3221333023
In base 6, what is 3 - 44333034?
-44333031
In base 4, what is 1320310022113 + 2?
1320310022121
In base 6, what is -414223 + 104?
-414115
In base 13, what is -55039745 + 5?
-55039740
In base 15, what is -116ce - ed?
-117cc
In base 11, what is 26a54 - -70a?
27663
In base 10, what is 7381 - 4550?
2831
In base 8, what is 3 + 463010133?
463010136
In base 11, what is 25 + -184994?
-18496a
In base 3, what is 210 - 10020002112?
-10020001202
In base 16, what is -1 + -671fd51?
-671fd52
In base 3, what is -11012221011221202 + 10?
-110